ultiple of 12?
True
Does 34 divide 173026?
True
Is 1457 a multiple of 18?
False
Is 9 a factor of 19?
False
Is 34378 a multiple of 96?
False
Does 3 divide 9471?
True
Is 60 even?
True
Does 29 divide 24447?
True
Is 9244 a multiple of 13?
False
Does 48 divide 1584?
True
Is 16352 a multiple of 14?
True
Is 1727 even?
False
Does 11 divide 7740?
False
Is 29 a factor of 776?
False
Is 15 a factor of 27570?
True
Is 7168 a multiple of 12?
False
Is 702 a multiple of 27?
True
Is 4592 a multiple of 29?
False
Is 3834 a multiple of 29?
False
Is 16709 a multiple of 77?
True
Does 10 divide 9580?
True
Is 9926 a multiple of 14?
True
Is 83201 a multiple of 12?
False
Is 12890 a multiple of 34?
False
Is 7169 a multiple of 107?
True
Does 5 divide 1715?
True
Is 4158 a multiple of 42?
True
Is 404 a multiple of 6?
False
Is 52558 a multiple of 9?
False
Is 9 a factor of 180?
True
Does 60 divide 7957?
False
Does 6 divide 178?
False
Is 79 a factor of 98211?
False
Is 24257 a multiple of 51?
False
Does 19 divide 1021?
False
Does 87 divide 460?
False
Does 2 divide 1048?
True
Is 1762 a multiple of 13?
False
Is 270 a multiple of 4?
False
Is 2440 a multiple of 40?
True
Is 73 a factor of 2543?
False
Is 1003 a multiple of 17?
True
Is 206 a multiple of 4?
False
Is 10709 a multiple of 27?
False
Is 270 a multiple of 7?
False
Does 14 divide 15279?
False
Does 34 divide 748?
True
Is 3 a factor of 12711?
True
Is 6412 a multiple of 28?
True
Does 18 divide 19580?
False
Is 3 a factor of 345?
True
Does 15 divide 1288?
False
Is 10 a factor of 175?
False
Is 105 a factor of 62125?
False
Is 12 a factor of 1679?
False
Is 96 a factor of 40704?
True
Is 6781 a multiple of 31?
False
Is 13 a factor of 183?
False
Is 7566 a multiple of 291?
True
Is 37 a factor of 334?
False
Does 7 divide 189?
True
Is 640 a multiple of 80?
True
Is 13 a factor of 1001?
True
Does 40 divide 25600?
True
Does 35 divide 665?
True
Does 9 divide 45?
True
Is 2640 a multiple of 12?
True
Does 10 divide 460?
True
Does 119 divide 6890?
False
Does 9 divide 311?
False
Is 6 a factor of 469?
False
Is 127 a factor of 411?
False
Is 83 a factor of 19665?
False
Is 5 a factor of 12270?
True
Is 12 a factor of 1992?
True
Is 162 a factor of 11682?
False
Is 65 a factor of 13000?
True
Is 8 a factor of 1808?
True
Is 41 a factor of 44?
False
Is 15 a factor of 7005?
True
Is 13 a factor of 2458?
False
Is 26 a factor of 1248?
True
Does 8 divide 1200?
True
Is 714 a multiple of 104?
False
Is 87 a factor of 6875?
False
Does 13 divide 3614?
True
Is 6 a factor of 252?
True
Is 17 a factor of 28409?
False
Is 840 a multiple of 8?
True
Is 25 a factor of 8795?
False
Is 2145 a multiple of 55?
True
Is 100 a multiple of 7?
False
Is 1680 a multiple of 40?
True
Is 31990 a multiple of 133?
False
Is 30 a factor of 1408?
False
Is 209 a multiple of 5?
False
Is 2388 a multiple of 60?
False
Does 6 divide 259?
False
Does 11 divide 37070?
True
Is 60 a factor of 67988?
False
Is 75 a factor of 2285?
False
Is 23 a multiple of 6?
False
Is 22724 a multiple of 60?
False
Is 3 a factor of 51?
True
Is 3 a factor of 501?
True
Does 52 divide 88555?
False
Does 3 divide 246?
True
Does 6 divide 20874?
True
Is 18 a factor of 28?
False
Is 3503 a multiple of 57?
False
Is 85 a factor of 178?
False
Is 24904 a multiple of 15?
False
Does 164 divide 52808?
True
Is 1363 a multiple of 2?
False
Does 5 divide 9207?
False
Is 3312 a multiple of 23?
True
Is 6 a factor of 601?
False
Is 30 a factor of 9358?
False
Does 132 divide 17117?
False
Is 35261 a multiple of 37?
True
Is 4496 a multiple of 14?
False
Does 39 divide 3611?
False
Is 13 a factor of 47?
False
Is 2088 a multiple of 27?
False
Is 53 a factor of 2226?
True
Is 5472 a multiple of 36?
True
Does 25 divide 50?
True
Is 150 even?
True
Is 18 a factor of 3055?
False
Does 9 divide 10838?
False
Does 4 divide 28619?
False
Does 110 divide 1100?
True
Is 44469 a multiple of 27?
True
Is 5173 a multiple of 9?
False
Is 4 a factor of 7436?
True
Does 98 divide 16034?
False
Does 52 divide 2392?
True
Is 18 a factor of 630?
True
Does 30 divide 12660?
True
Does 16 divide 6889?
False
Is 4838 a multiple of 13?
False
Is 755 a multiple of 5?
True
Is 679 a multiple of 29?
False
Does 44 divide 704?
True
Does 7 divide 18336?
False
Is 41 a multiple of 5?
False
Is 8343 a multiple of 17?
False
Does 13 divide 436?
False
Does 37 divide 1702?
True
Does 6 divide 660?
True
Is 675 a multiple of 15?
True
Is 15 a factor of 8268?
False
Is 132 a factor of 903?
False
Does 120 divide 53679?
False
Is 114 a multiple of 3?
True
Is 26325 a multiple of 13?
True
Does 6 divide 1782?
True
Is 2370 a multiple of 30?
True
Is 29 a factor of 1682?
True
Is 26 a factor of 66704?
False
Is 7201 a multiple of 188?
False
Does 9 divide 283?
False
Is 364 a multiple of 26?
True
Is 11 a factor of 418?
True
Is 30551 a multiple of 20?
False
Does 13 divide 193?
False
Is 48 a factor of 65205?
False
Does 20 divide 1802?
False
Is 63 a factor of 1308?
False
Is 27 a factor of 6352?
False
Is 57 a factor of 2622?
True
Does 25 divide 42799?
False
Is 855 a multiple of 9?
True
Does 3 divide 2208?
True
Is 45576 a multiple of 72?
True
Is 2 a factor of 7415?
False
Does 38 divide 6633?
False
Does 21 divide 44583?
True
Is 48845 a multiple of 8?
False
Does 10 divide 6733?
False
Is 1162 a multiple of 83?
True
Does 247 divide 28607?
False
Is 1357 a multiple of 23?
True
Is 36 a factor of 35301?
False
Is 44 a factor of 1512?
False
Is 14617 a multiple of 79?
False
Does 99 divide 2475?
True
Does 33 divide 10644?
False
Is 7955 a multiple of 54?
False
Is 62537 a multiple of 161?
False
Is 5699 a multiple of 41?
True
Does 2 divide 727?
False
Is 2200 a multiple of 4?
True
Does 63 divide 975?
False
Is 285 a multiple of 22?
False
Is 912 a multiple of 12?
True
Is 6004 a multiple of 19?
True
Is 627 a multiple of 11?
True
Is 4899 a multiple of 23?
True
Is 28 a factor of 9006?
False
Is 30 a factor of 2448?
False
Is 4011 a multiple of 21?
True
Is 5 a factor of 1015?
True
Is 23 a factor of 1261?
False
Does 13 divide 343?
False
Is 7 a factor of 1281?
True
Is 122 a factor of 71050?
False
Does 11 divide 341?
True
Is 4945 a multiple of 13?
False
Is 8239 a multiple of 22?
False
Is 11 a factor of 126541?
False
Is 172 a multiple of 4?
True
Is 639 a multiple of 29?
False
Is 7003 a multiple of 8?
False
Does 31 divide 4495?
True
Is 15 a factor of 7948?
False
Is 5376 a multiple of 128?
True
Is 8 a factor of 131?
False
Is 8 a factor of 3320?
True
Is 150 a multiple of 10?
True
Is 6 a factor of 248?
False
Is 17717 a multiple of 228?
False
Is 50076 a multiple of 26?
True
Is 7830 a multiple of 10?
True
Is 61465 a multiple of 93?
False
Does 159 divide 31164?
True
Is 36 a factor of 419?
False
Is 4424 a multiple of 62?
False
Is 1050 a multiple of 91?
False
Is 448 a multiple of 14?
True
Is 845 a multiple of 13?
True
Is 2053 even?
False
Is 20027 a multiple of 15?
False
Does 174 divide 28884?
True
Does 11 divide 808?
False
Is 523 a multiple of 4?
False
Is 30 a factor of 1624?
False
Is 447 a multiple of 17?
False
Is 220 a factor of 46200?
True
Does 37 divide 8103?
True
Does 9 divide 1859?
False
Is 28 a factor of 1596?
True
Is 192 a multiple of 15?
False
Is 85 a multiple of 36?
False
Does 7 divide 196?
True
Does 48 divide 22464?
True
Is 4667 a multiple of 10?
False
Does 31 divide 1457?
True
Does 46 divide 451?
False
Is 19000 a multiple of 152?
True
Is 340 a multiple of 34?
True
Does 31 divide 279?
True
Does 8 divide 8714?
False
Does 8 divide 6318?
False
Is 12126 a multiple of 141?
True
Is 16992 a multiple of 177?
True
Is 15 a factor of 17880?
True
Is 745 a multiple of 5?
True
Is 3636 a multiple of 9?
True
Does 29 divide 6451?
False
Is 6425 a multiple of 61?
False
Does 15 divide 1794?
False
Is 4 a factor of 13136?
True
Is 10788 a multiple of 12?
True
Is 571 a multiple of 11?
False
Is 18 a multiple of 17?
False
Does 13 divide 4160?
True
Is 14502 a multiple of 5?
False
Is 192 a multiple of 3?
True
Does 56 divide 159?
False
Is 780 a multiple of 39?
True
Is 480 a multiple of 12?
True
Is 155 a factor of 155?
True
Is 978 a multiple of 8?
False
Is 18 a factor of 14166?
True
Is 38734 a multiple of 63?
False
Is 34 a factor of 1666?
True
Is 6 a factor of 1794?
True
Does 9 divide 891?
True
Is 2057 a multiple of 8?
False
Is 16 a factor of 112?
True
Is 492 a multiple of 7?
False
Is 